 the remainder when (2/(-6))/((-1)/87) is divided by i.
5
Suppose 5*j = 27 + 8. Suppose j*z - 288 = 4*z. Calculate the remainder when z is divided by 33.
30
Let w be 2*-49 + 1 + 1. Let d = 56 + w. Let v = d - -59. What is the remainder when v is divided by 7?
5
Suppose h + u - 2*u - 25 = 0, 3*h + u = 63. Calculate the remainder when h is divided by 6.
4
Let z = -24 - -32. Calculate the remainder when 31 is divided by z.
7
Calculate the remainder when 31 is divided by 232/12 + 15/9 + -2.
12
Suppose 3*o = 2*a - 45 - 6, 0 = -a + o + 24. Calculate the remainder when a is divided by 8.
5
Suppose -2 = h - 1, 4*h - 11 = -r. What is the remainder when 0/1 - -58 - 1 is divided by r?
12
Suppose 2*x - 2 = 6. Suppose -15 = 3*u, 0 = -2*n + x*u + 34 + 2. Calculate the remainder when n is divided by 5.
3
Suppose -a = -5*a - 4*q, 5*a - 5*q = 20. Suppose 4*s = -4*y + 64, -s + 3*y = a + 2. What is the remainder when 42 is divided by s?
9
Calculate the remainder when (3/2 - 1)*2666/43 is divided by 17.
14
Suppose 2*s + 35 - 49 = 0. What is the remainder when 12 is divided by s?
5
Let v = 8 - 1. Suppose 0 = 3*x - v*x - 220. What is the remainder when 64 is divided by (x/20)/(2/(-16))?
20
Let k(w) = -2*w**2 - 7*w - 1. Let u be k(-5). Let i be 24 + 0*2/(-4). Let o = i + u. What is the remainder when o is divided by 3?
2
Suppose 5*w - 81 = 2*w - 4*c, -2*w + 3*c + 54 = 0. Calculate the remainder when w is divided by 15.
12
Suppose 4*a - 54 = a. Suppose 17*y - 12*y = 260. Calculate the remainder when y is divided by a.
16
What is the remainder when 11 is divided by (-12)/(-3) + -1 - -3?
5
Suppose 5*f = 51 - 186. Let r be 6*(-13)/(-2) - 1. Let a = f + r. What is the remainder when 20 is divided by a?
9
Let w(j) = 4*j - 3. Let t = 28 - 50. What is the remainder when w(5) is divided by (t + 3 + -1)/(-2)?
7
Let u(b) be the third derivative of -13*b**6/24 + b**4/12 + b**3/6 + 8*b**2. Calculate the remainder when u(-1) is divided by 22.
20
Let d(g) = 7*g**3 + 2*g**2 + 5*g. Let v be d(-4). What is the remainder when v/(-12) + 2/3 is divided by ((-1)/(-3))/((-3)/(-171))?
18
Let n = 15 + -8. What is the remainder when 27 is divided by 72/n - 8/28?
7
Let r(x) = -x**3 - 2*x**2 + 6*x - 6. Suppose -15*y = -10*y - 100. What is the remainder when r(-5) is divided by y?
19
What is the remainder when 39 is divided by -2 - (2 - (2 + 8))?
3
Suppose 4*u = -3 - 1. Let g = 19 - 7. Calculate the remainder when -3 + 1 + 26 + u is divided by g.
11
Let x be 3 + -2 + 9/1. Let p = 21 - x. Suppose -n + 10 + 11 = 0. Calculate the remainder when n is divided by p.
10
Suppose -11 = -2*b - 4*v + 3, 0 = -3*b + 4*v + 61. What is the remainder when ((-3)/24*30)/(3/(-20)) is divided by b?
10
Let m(h) = h**3 - 5*h**2 - 11*h + 6. Let x(w) = -w**3 + 6*w**2 - 2*w - 1. Let k be x(5). What is the remainder when m(7) is divided by k*(3/(-6) - -1)?
6
Suppose -7*f + 103 = 4*g - 2*f, -5*f = -g + 7. Suppose -51 = -k - 4*p, 2*k - 135 - 6 = 5*p. What is the remainder when k is divided by g?
19
Let p = 104 + -71. What is the remainder when p is divided by 18?
15
Suppose 4*f - 3*b - 298 = -0*b, 302 = 4*f - b. What is the remainder when f is divided by 11?
10
Let h = -12 + 2. Let u(l) = l + 12. Let f be u(h). Suppose 0 = 2*a - 0*j + f*j - 48, -4*a - j + 93 = 0. Calculate the remainder when a is divided by 12.
11
What is the remainder when 3335/30 - (-2)/(-12) is divided by 28?
27
Calculate the remainder when 133 is divided by 3/((-156)/(-2348)) - 6/39.
43
Suppose 0 = -5*p + 3*w + 25, -6*p + 4*p + 14 = -2*w. Suppose 2*y = 10 - p. Let o = y + 12. Calculate the remainder when 63 is divided by o.
15
Let r be 608/18 + 2/9. Suppose -3*j = -4*j. Suppose j = -5*g - p + 65 + r, 3*g = -3*p + 57. Calculate the remainder when g is divided by 7.
6
Suppose 3*z - 207 = -39. Suppose -2*y + 50 = -z. Calculate the remainder when y is divided by 18.
17
Suppose -p + 6 = p. Let i be 34/5*(-40)/(-16). Let j = i + -11. What is the remainder when j is divided by p?
0
Let o = 1 - -2. Suppose o*q = -q + 32. Calculate the remainder when q is divided by 5.
3
Let i = 97 + -60. Calculate the remainder when 71 is divided by i.
34
Let q be 2/(1/(-8)*-4). Suppose -y = y + 2*i - 46, -72 = -q*y + i. What is the remainder when y is divided by 10?
9
Suppose -90 = -6*j - 0*j. Let q(p) = -p**2 - 7*p - 4. What is the remainder when j is divided by q(-5)?
3
Let i be (2*-1)/((-8)/16). What is the remainder when 65 is divided by 34/i*(6 + -4)?
14
Suppose -48 = -f - 2*f. Suppose 4 = 4*i - f. What is the remainder when 17 is divided by i?
2
Suppose -2*y - 2*y = -5*g - 218, -5*g = 10. Calculate the remainder when y is divided by 18.
16
Suppose -7 = 4*d - 31. Suppose 2*m - d = 16. What is the remainder when 29 is divided by m?
7
Suppose -5*j + 17 = u + u, -4*j + 7 = u. Suppose 0*k - 2*k + 17 = -3*s, 3*s - u = -5*k. What is the remainder when 2 is divided by ((-4)/(-6))/((-2)/s)?
0
Suppose 5*h + 4 = 69. Suppose -3*q + 30 - 8 = 5*a, 0 = 5*a - 4*q - 29. Calculate the remainder when h is divided by a.
3
Suppose -20*u = -579 - 161. What is the remainder when 181 is divided by u?
33
Suppose 0*b - 4*b + 80 = 0. Let n = -9 - -6. Let g = 8 - n. What is the remainder when b is divided by g?
9
Let l = -5 + 8. Let k = 10 + l. Suppose 1 = 3*i - 20. What is the remainder when k is divided by i?
6
Let z = 24 - -28. Calculate the remainder when z is divided by 9.
7
Let q be (-37)/(-4) - 1/4. Let x(s) = -s**3 + 10*s**2 - 8*s - 5. What is the remainder when 11 is divided by x(q)?
3
Let a(i) = -2*i + 25. Calculate the remainder when a(-5) is divided by 20.
15
Let l(r) = -r**2 + r + 5. Let c be (2 + -3)/1 - 3. Let k be l(c). Calculate the remainder when 22 is divided by (12/k)/((-1)/15).
10
Let o(l) = l**2 - 4*l + 8. Let a be o(7). Suppose m - 3 = -a. Let d = 55 + m. What is the remainder when d is divided by 15?
14
Let o(f) = -2*f**3 - 6*f**2 - 5*f - 4. Let a be o(-4). Suppose 0 = 5*m + 4*u - 132, -5*u = m + 9 - a. What is the remainder when 71 is divided by m?
23
Suppose 4*n + x - 14 = -0*x, -n - 1 = -2*x. What is the remainder when 18 is divided by n?
0
Calculate the remainder when 22 is divided by 1*(10 - (3 + -6)) - 1.
10
What is the remainder when 47 is divided by -4 - (1 + -27 + -3)?
22
Suppose 7 = c - 7. Suppose -x + 3*x - 52 = 0. What is the remainder when x is divided by c?
12
Let g(w) = 16*w**2 - 2*w - 4 + 4 - 2. Let r be g(-2). Suppose r = 5*d + 2*j, d = -0*d - 4*j + 24. What is the remainder when 34 is divided by d?
10
Let f(o) = o + 1. Let k be f(-8). Let i be (-47)/k + 4/14. Calculate the remainder when 1 is divided by 2/i - 5/(-7).
0
Suppose 2*p = p - 4*l - 1, 43 = 5*p + 4*l. Suppose -134 - 118 = 3*n. What is the remainder when ((-6)/(-4))/((-6)/n) is divided by p?
10
Let a = -6 + 13. Calculate the remainder when 25 is divided by a.
4
Let x(d) = -d + 11. Let o(t) = -1. Let f(m) = 5*o(m) + x(m). Calculate the remainder when 30 is divided by f(-5).
8
Suppose 0 = -a + 25. Calculate the remainder when 46 is divided by a.
21
What is the remainder when 113 is divided by (1 + -30)/(-5 - -4)?
26
Suppose -k + 33 = 4*k + j, 0 = 2*k - 3*j - 20. Calculate the remainder when k is divided by 7.
0
Suppose 4*v = 4*o - 244, -212 = -3*o - o - 4*v. What is the remainder when o is divided by 12?
9
Let l = 1 + 28. Calculate the remainder when l is divided by 8.
5
Let r(o) = -27*o - 9. Calculate the remainder when r(-5) is divided by 16.
14
Let u = -34 - -51. Let f = 5 + u. Let h = -27 - -92. Calculate the remainder when h is divided by f.
21
Let s(p) = -p**3 - 4*p**2 + 9*p - 12. Calculate the remainder when s(-7) is divided by 19.
15
What is the remainder when 22 is divided by (28/(-21))/(22/(-18) - -1)?
4
Let n = 42 + -40. What is the remainder when n is divided by 2?
0
Let u(m) = 4*m + 199. Calculate the remainder when -2 + 0 - (-1 - 14) is divided by u(-49).
1
Let y(r) = r**3 - 11*r**2 + 12*r - 4. Let m = -15 - -21. Calculate the remainder when y(10) is divided by m.
4
Let a(z) = z**2 - z - 10. Calculate the remainder when 137 is divided by a(-7).
45
Calculate the remainder when 113 - (5/(-15))/((-2)/6) is divided by 19.
17
Let o = 8 + 15. What is the remainder when 43 is divided by o?
20
Suppose 18*p + 82 = 2*k + 16*p, k - 42 = 2*p. Calculate the remainder when k is divided by 16.
